{"id":87,"date":"2014-12-09T05:28:10","date_gmt":"2014-12-09T05:28:10","guid":{"rendered":"http:\/\/www.sosed.si\/?page_id=87"},"modified":"2014-12-09T05:40:15","modified_gmt":"2014-12-09T05:40:15","slug":"programi-za-ciscenje","status":"publish","type":"page","link":"https:\/\/www.sosed.si\/?page_id=87","title":{"rendered":"programi za \u010di\u0161\u010denje"},"content":{"rendered":"<p><a href=\"http:\/\/www.sosed.si\/wp-content\/uploads\/2014\/12\/ccleaner.jpg\"><img loading=\"lazy\" class=\"alignnone size-full wp-image-100 aligncenter\" src=\"http:\/\/www.sosed.si\/wp-content\/uploads\/2014\/12\/ccleaner.jpg\" alt=\"ccleaner\" width=\"600\" height=\"300\" \/><\/a><\/p>\n<h1 style=\"text-align: center;\"><a href=\"http:\/\/www.softpedia.com\/get\/Security\/Secure-cleaning\/CCleaner.shtml\">CCleaner <span class=\"appver\">5.0.5050<\/span><\/a><\/h1>\n","protected":false},"excerpt":{"rendered":"<p>CCleaner 5.0.5050<\/p>\n","protected":false},"author":1,"featured_media":0,"parent":81,"menu_order":0,"comment_status":"closed","ping_status":"closed","template":"","meta":[],"_links":{"self":[{"href":"https:\/\/www.sosed.si\/index.php?rest_route=\/wp\/v2\/pages\/87"}],"collection":[{"href":"https:\/\/www.sosed.si\/index.php?rest_route=\/wp\/v2\/pages"}],"about":[{"href":"https:\/\/www.sosed.si\/index.php?rest_route=\/wp\/v2\/types\/page"}],"author":[{"embeddable":true,"href":"https:\/\/www.sosed.si\/index.php?rest_route=\/wp\/v2\/users\/1"}],"replies":[{"embeddable":true,"href":"https:\/\/www.sosed.si\/index.php?rest_route=%2Fwp%2Fv2%2Fcomments&post=87"}],"version-history":[{"count":2,"href":"https:\/\/www.sosed.si\/index.php?rest_route=\/wp\/v2\/pages\/87\/revisions"}],"predecessor-version":[{"id":102,"href":"https:\/\/www.sosed.si\/index.php?rest_route=\/wp\/v2\/pages\/87\/revisions\/102"}],"up":[{"embeddable":true,"href":"https:\/\/www.sosed.si\/index.php?rest_route=\/wp\/v2\/pages\/81"}],"wp:attachment":[{"href":"https:\/\/www.sosed.si\/index.php?rest_route=%2Fwp%2Fv2%2Fmedia&parent=87"}],"curies":[{"name":"wp","href":"https:\/\/api.w.org\/{rel}","templated":true}]}}