{"id":34,"date":"2014-08-22T23:01:33","date_gmt":"2014-08-22T23:01:33","guid":{"rendered":"http:\/\/www.sosed.si\/?page_id=34"},"modified":"2019-02-02T11:33:49","modified_gmt":"2019-02-02T10:33:49","slug":"kdo-smo","status":"publish","type":"page","link":"https:\/\/www.sosed.si\/?page_id=34","title":{"rendered":"Kdo smo ?"},"content":{"rendered":"\n<h1>VA\u0160 SOSED d.o.o.<\/h1>\n\n\n\n<h2>\n\t\t\t\t\t<a href=\"http:\/\/www.sosed.si\">\n\t\t\t\t\t\twww.sosed.si\t\t\t\t\t<\/a>\n\t\t\t\t<\/h2>\n\n\n\n<p><strong>SLOVENIJA. NOVO TISO\u010cLETJE.&nbsp;<\/strong><br>\nCeloten planet je odvisen od uporabe tehnologije. Samo en dan brez nje \nlahko ogrozi na\u0161 obstoj. Potrebno je bilo vzpostaviti enoto, ki bo vse \ndni v tednu, 365 dni na leto skrbela za nemoteno delovanje sodobne \ntehnologije.<\/p>\n\n\n\n<p>SOSED je ra\u010dunalni\u0161ka specialna enota, sestavljena iz \u00a0profesionalnih  in zaupanja vrednih strokovnjakov, zdru\u017eenih v boju proti neubogljivi  tehnologiji.<\/p>\n\n\n\n<p><strong>Tipi\u010dni primerek iz SOSED enote<\/strong><\/p>\n\n\n\n<p><\/p>\n\n\n\n<p>SOSED lahko:<\/p>\n\n\n\n<p>\u2013 &nbsp; &nbsp; zaustavi samovoljno delovanje ra\u010dunalnika<br>\n\u2013 &nbsp; &nbsp; varuje pred napadi virusov<br>\n\u2013 &nbsp; &nbsp; poskrbi, da nedelujo\u010di tiskalniki spet delujejo<br>\n\u2013 &nbsp; &nbsp; poskrbi za preventivne ukrepe<br>\n\u2013 &nbsp; &nbsp; nudi 1-na-1 trening<br>\n\u2013 &nbsp; &nbsp; za\u0161\u010diti omre\u017eje pred vsiljivci<br>\n\u2013 &nbsp; &nbsp; pomaga varovati pomembne podatke<br>\n\u2013 &nbsp; &nbsp; izvaja preglede delovanja sistema<br>\n\u2013 &nbsp; &nbsp; skrbi za posodabljanje ra\u010dunalnikov<br>\n\u2013 &nbsp; &nbsp; vzpostavi doma\u010de omre\u017eje<br>\n\u2013 &nbsp; &nbsp; zamenja nedelujo\u010de komponente<br>\n\u2013 &nbsp; &nbsp; odstrani vohunske programe in zahrbtne viruse<br>\n\u2013 &nbsp; &nbsp; pomaga priti na internet<br>\n\u2013 &nbsp; &nbsp; varno namesti novo opremo in jo pripravi za pravilno uporabo<\/p>\n\n\n\n<p><strong>BREZ \u010cAKANJA<\/strong><br> Sosed je pri vas, ko ga potrebujete. \u010ce se dogovorimo za servis ob enih, bomo pri vas ob enih.<br> <strong><br> GARANCIJA<\/strong><br> Na vse na\u0161e storitve nudimo garancijo. \u010ce ugotovimo, da se je napaka  ponovila, poi\u0161\u010demo vzrok in \u010de je napaka na na\u0161i strani, te\u017eavo nemudoma  brezpla\u010dno odpravimo.<br> <strong><br> NA DOMU \/ V PISARNI \/NA DALJAVO<\/strong><br> Sosedje posege izvajamo  na domu ali v  pisarni  ali na daljav  vseh civilistov o, ki potrebujejo pomo\u010d pri boju proti neubogljivi  tehnologiji. Popravimo ali namestimo katerokoli ra\u010dunalni\u0161ko, avdio ali  video komponento, ne glede na to, kje ste jo kupili.<br> <strong><br> STORITVE<\/strong><br> V boju za nemoteno delovanje tehnologije izvajamo posege od osnovnega  priklopa, namestitve za\u0161\u010dite pred vdori, svetovanja pri nakupu  ra\u010dunalni\u0161ke opreme, nadgradnje ra\u010dunalnikov, varnostnih kopij pa vse do  povezovanja ra\u010dunalnikov v doma\u010de omre\u017eje, preventivnega vzdr\u017eevanja  ter treninga 1-na-1.<\/p>\n\n\n\n<p><strong>ENOSTAVNO<\/strong><br>\nStoritve lahko poravnate z gotovino, s kartico ali preko e-banke.<\/p>\n","protected":false},"excerpt":{"rendered":"<p>VA\u0160 SOSED d.o.o. www.sosed.si SLOVENIJA. NOVO TISO\u010cLETJE.&nbsp; Celoten planet je odvisen od uporabe tehnologije. Samo en dan brez nje lahko ogrozi na\u0161 obstoj. Potrebno je bilo vzpostaviti enoto, ki bo vse dni v tednu, 365 dni na leto skrbela za&hellip; <\/p>\n","protected":false},"author":1,"featured_media":0,"parent":0,"menu_order":1,"comment_status":"closed","ping_status":"closed","template":"","meta":[],"_links":{"self":[{"href":"https:\/\/www.sosed.si\/index.php?rest_route=\/wp\/v2\/pages\/34"}],"collection":[{"href":"https:\/\/www.sosed.si\/index.php?rest_route=\/wp\/v2\/pages"}],"about":[{"href":"https:\/\/www.sosed.si\/index.php?rest_route=\/wp\/v2\/types\/page"}],"author":[{"embeddable":true,"href":"https:\/\/www.sosed.si\/index.php?rest_route=\/wp\/v2\/users\/1"}],"replies":[{"embeddable":true,"href":"https:\/\/www.sosed.si\/index.php?rest_route=%2Fwp%2Fv2%2Fcomments&post=34"}],"version-history":[{"count":6,"href":"https:\/\/www.sosed.si\/index.php?rest_route=\/wp\/v2\/pages\/34\/revisions"}],"predecessor-version":[{"id":136,"href":"https:\/\/www.sosed.si\/index.php?rest_route=\/wp\/v2\/pages\/34\/revisions\/136"}],"wp:attachment":[{"href":"https:\/\/www.sosed.si\/index.php?rest_route=%2Fwp%2Fv2%2Fmedia&parent=34"}],"curies":[{"name":"wp","href":"https:\/\/api.w.org\/{rel}","templated":true}]}}